test common factor of 10 and 5024?
2
What is the highest common factor of 38445 and 10?
5
Calculate the highest common divisor of 1391 and 344326.
107
What is the highest common factor of 12905 and 10585?
145
What is the greatest common factor of 174 and 6238654?
58
What is the greatest common factor of 11627 and 693?
77
Calculate the highest common factor of 377976 and 60.
12
Calculate the greatest common divisor of 548841 and 3390.
339
Calculate the highest common divisor of 3911264 and 336.
112
What is the greatest common factor of 294885 and 45?
45
Calculate the highest common factor of 12218 and 1192.
298
What is the greatest common factor of 5804 and 1124?
4
Calculate the greatest common divisor of 2870 and 1015.
35
Calculate the greatest common divisor of 111619 and 3703.
529
Calculate the highest common factor of 10900 and 149548.
436
Calculate the greatest common factor of 18620 and 3515.
95
Calculate the greatest common divisor of 2144 and 488.
8
Calculate the greatest common factor of 1326 and 493714.
442
What is the greatest common factor of 1121 and 4788?
19
Calculate the greatest common factor of 1088 and 9741.
17
What is the highest common divisor of 23 and 556117?
23
What is the highest common divisor of 952373 and 127?
127
What is the highest common divisor of 2790 and 1462890?
930
What is the highest common divisor of 54758 and 3344?
418
What is the greatest common factor of 73962 and 1935?
9
What is the greatest common divisor of 720625 and 625?
625
Calculate the highest common factor of 9785 and 1805.
95
Calculate the highest common divisor of 5048667 and 351.
117
Calculate the highest common divisor of 3872 and 858.
22
What is the highest common factor of 3959 and 14873?
107
Calculate the highest common factor of 192705 and 290.
145
What is the greatest common factor of 17664 and 1248?
96
Calculate the greatest common divisor of 305756 and 220.
44
What is the highest common divisor of 91623 and 21?
21
What is the greatest common factor of 96 and 2904?
24
What is the greatest common factor of 465 and 837?
93
Calculate the highest common divisor of 935 and 56045.
55
Calculate the highest common divisor of 35052 and 138.
138
Calculate the highest common factor of 3290 and 248630.
470
Calculate the greatest common divisor of 270 and 2562.
6
Calculate the highest common factor of 2674 and 1708.
14
What is the highest common divisor of 462 and 23058?
42
What is the greatest common divisor of 22592 and 432?
16
Calculate the greatest common factor of 41818 and 377.
29
What is the highest common divisor of 42 and 4866?
6
What is the greatest common factor of 47024 and 144?
16
Calculate the greatest common divisor of 4523640 and 46.
46
Calculate the greatest common factor of 1937 and 3278.
149
What is the greatest common factor of 15010 and 76?
38
What is the greatest common factor of 1384 and 12195808?
1384
What is the highest common divisor of 166 and 56?
2
Calculate the greatest common factor of 14 and 431914.
14
What is the greatest common divisor of 48 and 9417?
3
Calculate the highest common divisor of 23381 and 7519.
103
Calculate the highest common factor of 561 and 10761.
51
What is the highest common factor of 783 and 189?
27
Calculate the greatest common divisor of 69057 and 18.
9
What is the highest common divisor of 276 and 1403?
23
What is the greatest common divisor of 2775 and 6771?
111
Calculate the highest common divisor of 702 and 1762254.
234
What is the greatest common factor of 490 and 321370?
70
What is the greatest common divisor of 1128 and 2472?
24
Calculate the highest common factor of 66019 and 3103.
107
What is the greatest common factor of 10206 and 2362122?
1134
What is the highest common divisor of 468 and 368108?
52
What is the highest common divisor of 104 and 2264158?
26
Calculate the greatest common factor of 1391 and 530613.
107
Calculate the greatest common divisor of 361287 and 81.
27
Calculate the greatest common factor of 67254 and 594.
66
Calculate the greatest common factor of 320187 and 1106.
553
What is the greatest common factor of 243648 and 470?
94
Calculate the highest common factor of 90 and 7610130.
90
What is the greatest common divisor of 3867774 and 6?
6
What is the greatest common divisor of 1372 and 92267?
343
What is the highest common divisor of 261 and 767659?
29
What is the highest common factor of 1541055 and 1065?
1065
Calculate the greatest common factor of 61442 and 93.
31
What is the greatest common factor of 6784 and 33602?
106
Calculate the highest common factor of 234 and 55536.
78
What is the highest common factor of 456 and 17176?
152
What is the highest common divisor of 2366 and 24934?
182
Calculate the highest common divisor of 333 and 3069.
9
Calculate the greatest common divisor of 335 and 1505155.
335
What is the highest common divisor of 230 and 179030?
10
What is the greatest common factor of 190 and 4636?
38
What is the highest common divisor of 39340 and 13207?
281
What is the highest common factor of 14 and 1756818?
14
What is the greatest common factor of 5809 and 8?
1
Calculate the greatest common factor of 320 and 30710.
10
What is the greatest common factor of 4443 and 6?
3
What is the greatest common factor of 475711 and 17?
17
Calculate the highest common divisor of 46368 and 10872.
72
What is the highest common divisor of 386937 and 27?
27
What is the greatest common divisor of 846369 and 645?
129
Calculate the highest common factor of 223383 and 418.
19
Calculate the greatest common divisor of 4041401 and 4984.
623
What is the greatest common factor of 2233 and 8327?
11
Calculate the greatest common divisor of 56727 and 297.
297
What is the highest common divisor of 731 and 137729?
43
Calculate the greatest common divisor of 117 and 7739511.
39
Calculate the highest common divisor of 121 and 187.
11
Calculate the highest common factor of 4480 and 5180.
140
Calculate the highest common factor of 6177650 and 50.
50
Calculate the highest common factor of 133 and 440629.
133
What is the greatest common divisor of 237447 and 18?
9
What is the highest common factor of 6175184 and 16?
16
Calculate the greatest common factor of 150300 and 700.
100
Calculate the highest common divisor of 37439 and 9.
1
Calculate the greatest common divisor of 3275 and 19519.
131
What is the greatest common divisor of 13 and 182663?
13
Calculate the highest common factor of 4340 and 370.
10
What is the highest common factor of 699578 and 66?
22
What is the highest common divisor of 80631 and 31093?
527
Calculate the highest common divisor of 13 and 574223.
13
What is the highest common divisor of 117734 and 1806?
86
Calculate the highest common factor of 1799 and 4039.
7
What is the highest common divisor of 882 and 1197?
63
What is the highest common factor of 22 and 8778?
22
What is the greatest common factor of 30070 and 20?
10
Calculate the highest common factor of 242 and 363.
121
Calculate the greatest common divisor of 253 and 2321.
11
Calculate the greatest common divisor of 68574 and 66.
66
Calculate the highest common factor of 136066 and 56.
14
Calculate the highest common divisor of 14429 and 3991.
307
What is the greatest common divisor of 1042 and 85965?
521
Calculate the greatest common divisor of 168 and 1822.
2
What is the greatest common divisor of 133 and 39487?
7
What is the highest common factor of 66780 and 24360?
420
Calculate the greatest common factor of 6985 and 605.
55
What is the greatest common divisor of 96 and 33184?
32
What is the greatest common divisor of 158 and 383150?
158
Calculate the highest common divisor of 2176580 and 210.
70
Calculate the greatest common divisor of 629 and 1921.
17
Calculate the highest common divisor of 3916 and 18601.
979
Calculate the greatest common factor of 6721 and 3901.
47
What is the highest common divisor of 73439 and 17407?
103
What is the greatest common divisor of 320 and 510?
10
Calculate the highest common factor of 11 and 52657.
11
What is the greatest common factor of 1852956 and 8170?
1634
Calculate the highest common divisor of 341418 and 924.
462
What is the highest common factor of 6539 and 4108?
13
Calculate the greatest common divisor of 11 and 46068.
11
What is the highest common fact